{"id":26826,"date":"2025-11-26T17:52:32","date_gmt":"2025-11-26T22:52:32","guid":{"rendered":"https:\/\/perfectmass.net\/uncategorized\/creatina-monohidratada-gmn\/"},"modified":"2026-04-23T13:15:38","modified_gmt":"2026-04-23T18:15:38","slug":"creatina-monohidratada-gmn","status":"publish","type":"product","link":"https:\/\/perfectmass.net\/latam\/nutricion\/creatina\/monohidratada\/creatina-monohidratada-gmn\/","title":{"rendered":"Creatina Monohidratada &#8211; GMN"},"content":{"rendered":"<h2>Creatina Monohidratada &#8211; GMN<\/h2>\n<p>La creatina monohidratada es uno de los suplementos m\u00e1s populares y con mayor respaldo cient\u00edfico en el mundo del fitness y la nutrici\u00f3n deportiva.<\/p>\n<p>Disfruta de nuestra nueva creatina monohidratada, un suplemento dietario sin sabor y apto para todas las personas.<\/p>\n<p><strong>MODO DE PREPARACI\u00d3N<\/strong><\/p>\n<p>tomar una cucharada (3 g) diariamente. (1)\u00a0Cuchara dosificadora incluida. Mezclar con agua o con la bebida de su preferencia. Se sugiere su consumo dentro de los 10 minutos siguientes a su\u00a0reconstituci\u00f3n<\/p>\n<p><strong>INGREDIENTES<\/strong><\/p>\n<p>Creatina Monohidrato<\/p>\n<p><strong>M\u00e9todo de conservaci\u00f3n:<\/strong>\u00a0El producto debe estar almacenado en su empaque original a temperatura inferior a 30\u00b0C y a una humedad relativa inferior a 75%. No introducir elementos h\u00famedos, despu\u00e9s de abierto consumase en el menor tiempo posible.<\/p>\n<p>Reg Sanitario: SD2024-0004727<\/p>\n<div id=\"attachment_15336\" style=\"width: 310px\" class=\"wp-caption alignnone\"><img fetchpriority=\"high\" decoding=\"async\" aria-describedby=\"caption-attachment-15336\" class=\"size-medium wp-image-15336\" src=\"https:\/\/perfectmass.net\/wp-content\/uploads\/2025\/11\/creatina-monohidratada-GMN-1024x1024-1-300x300.webp\" alt=\"Creatina Monohidratada - GMN Nutrition\" width=\"300\" height=\"300\" title=\"\" srcset=\"https:\/\/perfectmass.net\/wp-content\/uploads\/2025\/11\/creatina-monohidratada-GMN-1024x1024-1-300x300.webp 300w, https:\/\/perfectmass.net\/wp-content\/uploads\/2025\/11\/creatina-monohidratada-GMN-1024x1024-1-150x150.webp 150w, https:\/\/perfectmass.net\/wp-content\/uploads\/2025\/11\/creatina-monohidratada-GMN-1024x1024-1-768x768.webp 768w, https:\/\/perfectmass.net\/wp-content\/uploads\/2025\/11\/creatina-monohidratada-GMN-1024x1024-1-445x445.webp 445w, https:\/\/perfectmass.net\/wp-content\/uploads\/2025\/11\/creatina-monohidratada-GMN-1024x1024-1-100x100.webp 100w, https:\/\/perfectmass.net\/wp-content\/uploads\/2025\/11\/creatina-monohidratada-GMN-1024x1024-1-1x1.webp 1w, https:\/\/perfectmass.net\/wp-content\/uploads\/2025\/11\/creatina-monohidratada-GMN-1024x1024-1-10x10.webp 10w, https:\/\/perfectmass.net\/wp-content\/uploads\/2025\/11\/creatina-monohidratada-GMN-1024x1024-1.webp 1024w\" sizes=\"(max-width: 300px) 100vw, 300px\" \/><p id=\"caption-attachment-15336\" class=\"wp-caption-text\">Creatina Monohidratada &#8211; <a href=\"https:\/\/gmn.com.co\/\" target=\"_blank\" rel=\"noopener\">GMN<\/a><\/p><\/div>\n<p>Visitar <a href=\"http:\/\/PerfectMass.net\" target=\"_blank\" rel=\"noopener\">PerfectMass.net<\/a><\/p>\n","protected":false},"excerpt":{"rendered":"<p>Creatina monohidratada<\/p>\n","protected":false},"featured_media":26827,"comment_status":"open","ping_status":"closed","template":"","meta":[],"etheme_brands":[{"term_id":2548,"name":"GMN","slug":"gmn","term_group":0,"term_taxonomy_id":2548,"taxonomy":"brand","description":"<strong data-start=\"235\" data-end=\"260\">GMN Nutrition:<\/strong> es una marca reconocida por su compromiso con la calidad, la innovaci\u00f3n y el rendimiento dentro del mundo de la nutrici\u00f3n deportiva. Sus productos est\u00e1n desarrollados para ayudar a deportistas y personas activas a mejorar su recuperaci\u00f3n, aumentar su energ\u00eda y alcanzar sus objetivos de forma segura y efectiva. En PerfectMassNutrition\u00ae seleccionamos lo mejor de GMN Nutrition para ofrecerte suplementos confiables, con excelentes ingredientes y resultados comprobados, disponibles para toda Colombia y Latinoam\u00e9rica.","parent":0,"count":11,"filter":"raw"}],"product_brand":[2688],"product_cat":[1603,1604],"product_tag":[1620],"class_list":{"0":"post-26826","1":"product","2":"type-product","3":"status-publish","4":"has-post-thumbnail","6":"brand-gmn","7":"product_brand-gmn","8":"product_cat-creatina","9":"product_cat-monohidratada","10":"product_tag-fuerza","12":"first","13":"instock","14":"sale","15":"taxable","16":"shipping-taxable","17":"purchasable","18":"product-type-variable","19":"has-default-attributes"},"_links":{"self":[{"href":"https:\/\/perfectmass.net\/latam\/wp-json\/wp\/v2\/product\/26826","targetHints":{"allow":["GET"]}}],"collection":[{"href":"https:\/\/perfectmass.net\/latam\/wp-json\/wp\/v2\/product"}],"about":[{"href":"https:\/\/perfectmass.net\/latam\/wp-json\/wp\/v2\/types\/product"}],"replies":[{"embeddable":true,"href":"https:\/\/perfectmass.net\/latam\/wp-json\/wp\/v2\/comments?post=26826"}],"version-history":[{"count":1,"href":"https:\/\/perfectmass.net\/latam\/wp-json\/wp\/v2\/product\/26826\/revisions"}],"predecessor-version":[{"id":30827,"href":"https:\/\/perfectmass.net\/latam\/wp-json\/wp\/v2\/product\/26826\/revisions\/30827"}],"wp:featuredmedia":[{"embeddable":true,"href":"https:\/\/perfectmass.net\/latam\/wp-json\/wp\/v2\/media\/26827"}],"wp:attachment":[{"href":"https:\/\/perfectmass.net\/latam\/wp-json\/wp\/v2\/media?parent=26826"}],"wp:term":[{"taxonomy":"brand","embeddable":true,"href":"https:\/\/perfectmass.net\/latam\/wp-json\/wp\/v2\/etheme_brands?post=26826"},{"taxonomy":"product_brand","embeddable":true,"href":"https:\/\/perfectmass.net\/latam\/wp-json\/wp\/v2\/product_brand?post=26826"},{"taxonomy":"product_cat","embeddable":true,"href":"https:\/\/perfectmass.net\/latam\/wp-json\/wp\/v2\/product_cat?post=26826"},{"taxonomy":"product_tag","embeddable":true,"href":"https:\/\/perfectmass.net\/latam\/wp-json\/wp\/v2\/product_tag?post=26826"}],"curies":[{"name":"wp","href":"https:\/\/api.w.org\/{rel}","templated":true}]}}