{"id":24707,"date":"2025-11-26T17:53:44","date_gmt":"2025-11-26T22:53:44","guid":{"rendered":"https:\/\/perfectmass.net\/uncategorized\/nutramerican-pharma-upn-gain-z\/"},"modified":"2026-04-23T13:06:39","modified_gmt":"2026-04-23T18:06:39","slug":"nutramerican-pharma-upn-gain-z","status":"publish","type":"product","link":"https:\/\/perfectmass.net\/latam\/nutricion\/mas-vendidos\/nutramerican-pharma-upn-gain-z\/","title":{"rendered":"Upn Gain Z &#8211; Ganador de Peso Nutramerican Pharma"},"content":{"rendered":"<p><strong>Upn Gain Z &#8211; Nutramerican Pharma<\/strong><\/p>\n<p>Suplemento formulado para complementar tu plan de nutrici\u00f3n deportiva.<\/p>\n","protected":false},"excerpt":{"rendered":"<p>Suplementaci\u00f3n de calidad para tu rendimiento diario.<\/p>\n","protected":false},"featured_media":24708,"comment_status":"open","ping_status":"closed","template":"","meta":[],"etheme_brands":[{"term_id":2607,"name":"Nutramerican Pharma","slug":"nutramerican-pharma","term_group":0,"term_taxonomy_id":2607,"taxonomy":"brand","description":"<strong data-start=\"235\" data-end=\"260\">Nutramerican Pharma:<\/strong> es una marca reconocida por su compromiso con la calidad, la innovaci\u00f3n y el rendimiento dentro del mundo de la nutrici\u00f3n deportiva. Sus productos est\u00e1n desarrollados para ayudar a deportistas y personas activas a mejorar su recuperaci\u00f3n, aumentar su energ\u00eda y alcanzar sus objetivos de forma segura y efectiva. En PerfectMassNutrition\u00ae seleccionamos lo mejor de Nutramerican Pharma para ofrecerte suplementos confiables, con excelentes ingredientes y resultados comprobados, disponibles para toda Colombia y Latinoam\u00e9rica.","parent":0,"count":24,"filter":"raw"}],"product_brand":[2708],"product_cat":[1594,1595,1501,1596,1605],"product_tag":[1606],"class_list":{"0":"post-24707","1":"product","2":"type-product","3":"status-publish","4":"has-post-thumbnail","6":"brand-nutramerican-pharma","7":"product_brand-nutramerican-pharma","8":"product_cat-mas-vendidos","9":"product_cat-novedades","10":"product_cat-nutricion","11":"product_cat-ofertas","12":"product_cat-suplementos","13":"product_tag-suplemento","15":"first","16":"outofstock","17":"sale","18":"taxable","19":"shipping-taxable","20":"purchasable","21":"product-type-variable","22":"has-default-attributes"},"_links":{"self":[{"href":"https:\/\/perfectmass.net\/latam\/wp-json\/wp\/v2\/product\/24707","targetHints":{"allow":["GET"]}}],"collection":[{"href":"https:\/\/perfectmass.net\/latam\/wp-json\/wp\/v2\/product"}],"about":[{"href":"https:\/\/perfectmass.net\/latam\/wp-json\/wp\/v2\/types\/product"}],"replies":[{"embeddable":true,"href":"https:\/\/perfectmass.net\/latam\/wp-json\/wp\/v2\/comments?post=24707"}],"version-history":[{"count":1,"href":"https:\/\/perfectmass.net\/latam\/wp-json\/wp\/v2\/product\/24707\/revisions"}],"predecessor-version":[{"id":29369,"href":"https:\/\/perfectmass.net\/latam\/wp-json\/wp\/v2\/product\/24707\/revisions\/29369"}],"wp:featuredmedia":[{"embeddable":true,"href":"https:\/\/perfectmass.net\/latam\/wp-json\/wp\/v2\/media\/24708"}],"wp:attachment":[{"href":"https:\/\/perfectmass.net\/latam\/wp-json\/wp\/v2\/media?parent=24707"}],"wp:term":[{"taxonomy":"brand","embeddable":true,"href":"https:\/\/perfectmass.net\/latam\/wp-json\/wp\/v2\/etheme_brands?post=24707"},{"taxonomy":"product_brand","embeddable":true,"href":"https:\/\/perfectmass.net\/latam\/wp-json\/wp\/v2\/product_brand?post=24707"},{"taxonomy":"product_cat","embeddable":true,"href":"https:\/\/perfectmass.net\/latam\/wp-json\/wp\/v2\/product_cat?post=24707"},{"taxonomy":"product_tag","embeddable":true,"href":"https:\/\/perfectmass.net\/latam\/wp-json\/wp\/v2\/product_tag?post=24707"}],"curies":[{"name":"wp","href":"https:\/\/api.w.org\/{rel}","templated":true}]}}