{"id":24261,"date":"2025-11-26T17:54:09","date_gmt":"2025-11-26T22:54:09","guid":{"rendered":"https:\/\/perfectmass.net\/uncategorized\/healthy-sports-cla-1500\/"},"modified":"2026-05-02T04:35:03","modified_gmt":"2026-05-02T09:35:03","slug":"healthy-sports-cla-1500","status":"publish","type":"product","link":"https:\/\/perfectmass.net\/latam\/nutricion\/suplementos\/control-peso\/perdida-3\/healthy-sports-cla-1500\/","title":{"rendered":"CLA 1500 &#8211; Healthy Sports"},"content":{"rendered":"<p><strong>CLA 1500 &#8211; Healthy Sports<\/strong><\/p>\n<p>CLA 1500<\/p>\n<p>\u00c1cido linoleico conjugado (CLA) para apoyar la reducci\u00f3n de grasa corporal y el mantenimiento de la masa muscular.<\/p>\n","protected":false},"excerpt":{"rendered":"<p>CLA para apoyar la composici\u00f3n corporal y el metabolismo de grasas.<\/p>\n","protected":false},"featured_media":24262,"comment_status":"open","ping_status":"closed","template":"","meta":[],"etheme_brands":[{"term_id":2566,"name":"Healthy Sports","slug":"healthy-sports","term_group":0,"term_taxonomy_id":2566,"taxonomy":"brand","description":"<strong data-start=\"235\" data-end=\"260\">Healthy Sports:<\/strong> es una marca reconocida por su compromiso con la calidad, la innovaci\u00f3n y el rendimiento dentro del mundo de la nutrici\u00f3n deportiva. Sus productos est\u00e1n desarrollados para ayudar a deportistas y personas activas a mejorar su recuperaci\u00f3n, aumentar su energ\u00eda y alcanzar sus objetivos de forma segura y efectiva. En PerfectMassNutrition\u00ae seleccionamos lo mejor de Healthy Sports para ofrecerte suplementos confiables, con excelentes ingredientes y resultados comprobados, disponibles para toda Colombia y Latinoam\u00e9rica.","parent":0,"count":2,"filter":"raw"}],"product_brand":[2789],"product_cat":[3721],"product_tag":[1606],"class_list":{"0":"post-24261","1":"product","2":"type-product","3":"status-publish","4":"has-post-thumbnail","6":"brand-healthy-sports","7":"product_brand-healthy-sports","8":"product_cat-perdida-3","9":"product_tag-suplemento","11":"first","12":"instock","13":"sale","14":"taxable","15":"shipping-taxable","16":"purchasable","17":"product-type-variable","18":"has-default-attributes"},"_links":{"self":[{"href":"https:\/\/perfectmass.net\/latam\/wp-json\/wp\/v2\/product\/24261","targetHints":{"allow":["GET"]}}],"collection":[{"href":"https:\/\/perfectmass.net\/latam\/wp-json\/wp\/v2\/product"}],"about":[{"href":"https:\/\/perfectmass.net\/latam\/wp-json\/wp\/v2\/types\/product"}],"replies":[{"embeddable":true,"href":"https:\/\/perfectmass.net\/latam\/wp-json\/wp\/v2\/comments?post=24261"}],"version-history":[{"count":1,"href":"https:\/\/perfectmass.net\/latam\/wp-json\/wp\/v2\/product\/24261\/revisions"}],"predecessor-version":[{"id":29075,"href":"https:\/\/perfectmass.net\/latam\/wp-json\/wp\/v2\/product\/24261\/revisions\/29075"}],"wp:featuredmedia":[{"embeddable":true,"href":"https:\/\/perfectmass.net\/latam\/wp-json\/wp\/v2\/media\/24262"}],"wp:attachment":[{"href":"https:\/\/perfectmass.net\/latam\/wp-json\/wp\/v2\/media?parent=24261"}],"wp:term":[{"taxonomy":"brand","embeddable":true,"href":"https:\/\/perfectmass.net\/latam\/wp-json\/wp\/v2\/etheme_brands?post=24261"},{"taxonomy":"product_brand","embeddable":true,"href":"https:\/\/perfectmass.net\/latam\/wp-json\/wp\/v2\/product_brand?post=24261"},{"taxonomy":"product_cat","embeddable":true,"href":"https:\/\/perfectmass.net\/latam\/wp-json\/wp\/v2\/product_cat?post=24261"},{"taxonomy":"product_tag","embeddable":true,"href":"https:\/\/perfectmass.net\/latam\/wp-json\/wp\/v2\/product_tag?post=24261"}],"curies":[{"name":"wp","href":"https:\/\/api.w.org\/{rel}","templated":true}]}}