{"id":24126,"date":"2025-11-26T17:54:12","date_gmt":"2025-11-26T22:54:12","guid":{"rendered":"https:\/\/perfectmass.net\/uncategorized\/ronnie-coleman-l-carnitine-xs-3000\/"},"modified":"2026-05-02T04:34:22","modified_gmt":"2026-05-02T09:34:22","slug":"ronnie-coleman-l-carnitine-xs-3000","status":"publish","type":"product","link":"https:\/\/perfectmass.net\/latam\/nutricion\/aminos\/l-carnitina\/ronnie-coleman-l-carnitine-xs-3000\/","title":{"rendered":"L-Carnitine XS 3000 &#8211; Amino\u00e1cidos Ronnie Coleman"},"content":{"rendered":"<p><strong>L-Carnitine XS 3000 &#8211; Amino\u00e1cidos Ronnie Coleman<\/strong><\/p>\n<p>L-Carnitine XS 3000 &#8211; Amino\u00e1cidos Ronnie Coleman<\/p>\n<p>Complejo de amino\u00e1cidos formulado para apoyar la recuperaci\u00f3n muscular y el rendimiento durante y despu\u00e9s del entrenamiento.<\/p>\n","protected":false},"excerpt":{"rendered":"<p>Amino\u00e1cidos esenciales para recuperaci\u00f3n y rendimiento muscular.<\/p>\n","protected":false},"featured_media":24128,"comment_status":"open","ping_status":"closed","template":"","meta":[],"etheme_brands":[{"term_id":2625,"name":"Ronnie Coleman","slug":"ronnie-coleman","term_group":0,"term_taxonomy_id":2625,"taxonomy":"brand","description":"","parent":0,"count":4,"filter":"raw"}],"product_brand":[2724],"product_cat":[3693],"product_tag":[1606],"class_list":{"0":"post-24126","1":"product","2":"type-product","3":"status-publish","4":"has-post-thumbnail","6":"brand-ronnie-coleman","7":"product_brand-ronnie-coleman","8":"product_cat-l-carnitina","9":"product_tag-suplemento","11":"first","12":"outofstock","13":"sale","14":"taxable","15":"shipping-taxable","16":"purchasable","17":"product-type-variable","18":"has-default-attributes"},"_links":{"self":[{"href":"https:\/\/perfectmass.net\/latam\/wp-json\/wp\/v2\/product\/24126","targetHints":{"allow":["GET"]}}],"collection":[{"href":"https:\/\/perfectmass.net\/latam\/wp-json\/wp\/v2\/product"}],"about":[{"href":"https:\/\/perfectmass.net\/latam\/wp-json\/wp\/v2\/types\/product"}],"replies":[{"embeddable":true,"href":"https:\/\/perfectmass.net\/latam\/wp-json\/wp\/v2\/comments?post=24126"}],"version-history":[{"count":1,"href":"https:\/\/perfectmass.net\/latam\/wp-json\/wp\/v2\/product\/24126\/revisions"}],"predecessor-version":[{"id":28959,"href":"https:\/\/perfectmass.net\/latam\/wp-json\/wp\/v2\/product\/24126\/revisions\/28959"}],"wp:featuredmedia":[{"embeddable":true,"href":"https:\/\/perfectmass.net\/latam\/wp-json\/wp\/v2\/media\/24128"}],"wp:attachment":[{"href":"https:\/\/perfectmass.net\/latam\/wp-json\/wp\/v2\/media?parent=24126"}],"wp:term":[{"taxonomy":"brand","embeddable":true,"href":"https:\/\/perfectmass.net\/latam\/wp-json\/wp\/v2\/etheme_brands?post=24126"},{"taxonomy":"product_brand","embeddable":true,"href":"https:\/\/perfectmass.net\/latam\/wp-json\/wp\/v2\/product_brand?post=24126"},{"taxonomy":"product_cat","embeddable":true,"href":"https:\/\/perfectmass.net\/latam\/wp-json\/wp\/v2\/product_cat?post=24126"},{"taxonomy":"product_tag","embeddable":true,"href":"https:\/\/perfectmass.net\/latam\/wp-json\/wp\/v2\/product_tag?post=24126"}],"curies":[{"name":"wp","href":"https:\/\/api.w.org\/{rel}","templated":true}]}}