{"id":23902,"date":"2025-11-26T17:54:26","date_gmt":"2025-11-26T22:54:26","guid":{"rendered":"https:\/\/perfectmass.net\/uncategorized\/himalaya-ashvagandha\/"},"modified":"2026-05-02T04:33:37","modified_gmt":"2026-05-02T09:33:37","slug":"himalaya-ashvagandha","status":"publish","type":"product","link":"https:\/\/perfectmass.net\/latam\/nutricion\/suplementos\/himalaya-ashvagandha\/","title":{"rendered":"Ashvagandha &#8211; Adapt\u00f3genos Himalaya"},"content":{"rendered":"<p><strong>Ashvagandha &#8211; Adapt\u00f3genos Himalaya<\/strong><\/p>\n<p>Ashvagandha &#8211; Adapt\u00f3genos Himalaya<\/p>\n<p>Extracto adaptog\u00e9nico de alta calidad para apoyar la respuesta al estr\u00e9s, el rendimiento f\u00edsico y el bienestar general.<\/p>\n","protected":false},"excerpt":{"rendered":"<p>Adapt\u00f3geno natural para reducir el estr\u00e9s y mejorar el rendimiento.<\/p>\n","protected":false},"featured_media":23903,"comment_status":"open","ping_status":"closed","template":"","meta":[],"etheme_brands":[{"term_id":2571,"name":"Himalaya","slug":"himalaya","term_group":0,"term_taxonomy_id":2571,"taxonomy":"brand","description":"","parent":0,"count":3,"filter":"raw"}],"product_brand":[2783],"product_cat":[3677],"product_tag":[1606],"class_list":{"0":"post-23902","1":"product","2":"type-product","3":"status-publish","4":"has-post-thumbnail","6":"brand-himalaya","7":"product_brand-himalaya","8":"product_cat-suplementos","9":"product_tag-suplemento","11":"first","12":"instock","13":"sale","14":"taxable","15":"shipping-taxable","16":"purchasable","17":"product-type-variable","18":"has-default-attributes"},"_links":{"self":[{"href":"https:\/\/perfectmass.net\/latam\/wp-json\/wp\/v2\/product\/23902","targetHints":{"allow":["GET"]}}],"collection":[{"href":"https:\/\/perfectmass.net\/latam\/wp-json\/wp\/v2\/product"}],"about":[{"href":"https:\/\/perfectmass.net\/latam\/wp-json\/wp\/v2\/types\/product"}],"replies":[{"embeddable":true,"href":"https:\/\/perfectmass.net\/latam\/wp-json\/wp\/v2\/comments?post=23902"}],"version-history":[{"count":1,"href":"https:\/\/perfectmass.net\/latam\/wp-json\/wp\/v2\/product\/23902\/revisions"}],"predecessor-version":[{"id":28815,"href":"https:\/\/perfectmass.net\/latam\/wp-json\/wp\/v2\/product\/23902\/revisions\/28815"}],"wp:featuredmedia":[{"embeddable":true,"href":"https:\/\/perfectmass.net\/latam\/wp-json\/wp\/v2\/media\/23903"}],"wp:attachment":[{"href":"https:\/\/perfectmass.net\/latam\/wp-json\/wp\/v2\/media?parent=23902"}],"wp:term":[{"taxonomy":"brand","embeddable":true,"href":"https:\/\/perfectmass.net\/latam\/wp-json\/wp\/v2\/etheme_brands?post=23902"},{"taxonomy":"product_brand","embeddable":true,"href":"https:\/\/perfectmass.net\/latam\/wp-json\/wp\/v2\/product_brand?post=23902"},{"taxonomy":"product_cat","embeddable":true,"href":"https:\/\/perfectmass.net\/latam\/wp-json\/wp\/v2\/product_cat?post=23902"},{"taxonomy":"product_tag","embeddable":true,"href":"https:\/\/perfectmass.net\/latam\/wp-json\/wp\/v2\/product_tag?post=23902"}],"curies":[{"name":"wp","href":"https:\/\/api.w.org\/{rel}","templated":true}]}}