{"id":22946,"date":"2025-11-26T17:57:50","date_gmt":"2025-11-26T22:57:50","guid":{"rendered":"https:\/\/perfectmass.net\/uncategorized\/regenecare-colageno-liquido-bcaa\/"},"modified":"2026-04-24T14:10:54","modified_gmt":"2026-04-24T19:10:54","slug":"regenecare-colageno-liquido-bcaa","status":"publish","type":"product","link":"https:\/\/perfectmass.net\/latam\/nutricion\/aminos\/bcaa\/regenecare-colageno-liquido-bcaa\/","title":{"rendered":"Colageno Liquido + BCAA &#8211; Regenecare"},"content":{"rendered":"<p>REGENECARE COLAGENO LIQUIDO + BCAA proporciona amino\u00e1cidos esenciales para prevenir el catabolismo muscular y mejorar la recuperaci\u00f3n. Ideal para tomar durante o despu\u00e9s del entrenamiento. Presentaci\u00f3n: 630 MILILITROS.<\/p>\n","protected":false},"excerpt":{"rendered":"<p>Amino\u00e1cidos esenciales<\/p>\n","protected":false},"featured_media":22947,"comment_status":"open","ping_status":"closed","template":"","meta":[],"etheme_brands":[{"term_id":2619,"name":"Regenecare","slug":"regenecare","term_group":0,"term_taxonomy_id":2619,"taxonomy":"brand","description":"","parent":0,"count":2,"filter":"raw"}],"product_brand":[2722],"product_cat":[1611,1612],"product_tag":[1606],"class_list":{"0":"post-22946","1":"product","2":"type-product","3":"status-publish","4":"has-post-thumbnail","6":"brand-regenecare","7":"product_brand-regenecare","8":"product_cat-aminos","9":"product_cat-bcaa","10":"product_tag-suplemento","12":"first","13":"outofstock","14":"sale","15":"taxable","16":"shipping-taxable","17":"purchasable","18":"product-type-variable","19":"has-default-attributes"},"_links":{"self":[{"href":"https:\/\/perfectmass.net\/latam\/wp-json\/wp\/v2\/product\/22946","targetHints":{"allow":["GET"]}}],"collection":[{"href":"https:\/\/perfectmass.net\/latam\/wp-json\/wp\/v2\/product"}],"about":[{"href":"https:\/\/perfectmass.net\/latam\/wp-json\/wp\/v2\/types\/product"}],"replies":[{"embeddable":true,"href":"https:\/\/perfectmass.net\/latam\/wp-json\/wp\/v2\/comments?post=22946"}],"version-history":[{"count":1,"href":"https:\/\/perfectmass.net\/latam\/wp-json\/wp\/v2\/product\/22946\/revisions"}],"predecessor-version":[{"id":28189,"href":"https:\/\/perfectmass.net\/latam\/wp-json\/wp\/v2\/product\/22946\/revisions\/28189"}],"wp:featuredmedia":[{"embeddable":true,"href":"https:\/\/perfectmass.net\/latam\/wp-json\/wp\/v2\/media\/22947"}],"wp:attachment":[{"href":"https:\/\/perfectmass.net\/latam\/wp-json\/wp\/v2\/media?parent=22946"}],"wp:term":[{"taxonomy":"brand","embeddable":true,"href":"https:\/\/perfectmass.net\/latam\/wp-json\/wp\/v2\/etheme_brands?post=22946"},{"taxonomy":"product_brand","embeddable":true,"href":"https:\/\/perfectmass.net\/latam\/wp-json\/wp\/v2\/product_brand?post=22946"},{"taxonomy":"product_cat","embeddable":true,"href":"https:\/\/perfectmass.net\/latam\/wp-json\/wp\/v2\/product_cat?post=22946"},{"taxonomy":"product_tag","embeddable":true,"href":"https:\/\/perfectmass.net\/latam\/wp-json\/wp\/v2\/product_tag?post=22946"}],"curies":[{"name":"wp","href":"https:\/\/api.w.org\/{rel}","templated":true}]}}