{"id":22882,"date":"2026-04-15T01:53:46","date_gmt":"2026-04-15T06:53:46","guid":{"rendered":"https:\/\/perfectmass.net\/uncategorized\/c4-original\/"},"modified":"2026-05-03T12:10:24","modified_gmt":"2026-05-03T17:10:24","slug":"c4-original","status":"publish","type":"product","link":"https:\/\/perfectmass.net\/latam\/nutricion\/entreno\/pre\/c4-original\/","title":{"rendered":"C4 Original &#8211; Pre-entreno Cellucor"},"content":{"rendered":"<div class=\"product__title\">\n<div class=\"product__title\">\n<h1>C4 Original &#8211; Pre-entreno Cellucor<\/h1>\n<\/div>\n<\/div>\n<p>Caracter\u00edsticas principales<br \/>\nEnerg\u00eda de alto impacto<br \/>\nPotencia tu entrenamiento con 200 mg de cafe\u00edna para una energ\u00eda explosiva.<\/p>\n<p>Resistencia muscular<br \/>\nSupera tus entrenamientos m\u00e1s exigentes con CarnoSyn\u00ae Beta-Alanina para un mayor rendimiento.<\/p>\n<p>P\u00e9ptidos con IA<br \/>\nPeptiPump\u00ae es un p\u00e9ptido de dise\u00f1o con IA, exclusivo de C4.<\/p>\n<p>Mayor concentraci\u00f3n<br \/>\nMantente alerta y concentrado, desde la primera hasta la \u00faltima repetici\u00f3n, con el poder de la Huperzina + Cafe\u00edna.<\/p>\n<div id=\"attachment_21554\" style=\"width: 310px\" class=\"wp-caption alignnone\"><img fetchpriority=\"high\" decoding=\"async\" aria-describedby=\"caption-attachment-21554\" class=\"size-medium wp-image-21554\" src=\"https:\/\/perfectmass.net\/wp-content\/uploads\/2026\/04\/C4AN_1002_Brand_C4YellowLabel_Transition_C4Original_CoreFlavors_BasicPDPs-OG-WM-Hero-Grey-300x300.webp\" alt=\"C4 Original - Pre-entreno Cellucor\" width=\"300\" height=\"300\" title=\"\" srcset=\"https:\/\/perfectmass.net\/wp-content\/uploads\/2026\/04\/C4AN_1002_Brand_C4YellowLabel_Transition_C4Original_CoreFlavors_BasicPDPs-OG-WM-Hero-Grey-300x300.webp 300w, https:\/\/perfectmass.net\/wp-content\/uploads\/2026\/04\/C4AN_1002_Brand_C4YellowLabel_Transition_C4Original_CoreFlavors_BasicPDPs-OG-WM-Hero-Grey-1024x1024.webp 1024w, https:\/\/perfectmass.net\/wp-content\/uploads\/2026\/04\/C4AN_1002_Brand_C4YellowLabel_Transition_C4Original_CoreFlavors_BasicPDPs-OG-WM-Hero-Grey-150x150.webp 150w, https:\/\/perfectmass.net\/wp-content\/uploads\/2026\/04\/C4AN_1002_Brand_C4YellowLabel_Transition_C4Original_CoreFlavors_BasicPDPs-OG-WM-Hero-Grey-768x768.webp 768w, https:\/\/perfectmass.net\/wp-content\/uploads\/2026\/04\/C4AN_1002_Brand_C4YellowLabel_Transition_C4Original_CoreFlavors_BasicPDPs-OG-WM-Hero-Grey-445x445.webp 445w, https:\/\/perfectmass.net\/wp-content\/uploads\/2026\/04\/C4AN_1002_Brand_C4YellowLabel_Transition_C4Original_CoreFlavors_BasicPDPs-OG-WM-Hero-Grey-100x100.webp 100w, https:\/\/perfectmass.net\/wp-content\/uploads\/2026\/04\/C4AN_1002_Brand_C4YellowLabel_Transition_C4Original_CoreFlavors_BasicPDPs-OG-WM-Hero-Grey-1x1.webp 1w, https:\/\/perfectmass.net\/wp-content\/uploads\/2026\/04\/C4AN_1002_Brand_C4YellowLabel_Transition_C4Original_CoreFlavors_BasicPDPs-OG-WM-Hero-Grey-10x10.webp 10w, https:\/\/perfectmass.net\/wp-content\/uploads\/2026\/04\/C4AN_1002_Brand_C4YellowLabel_Transition_C4Original_CoreFlavors_BasicPDPs-OG-WM-Hero-Grey.webp 1346w\" sizes=\"(max-width: 300px) 100vw, 300px\" \/><p id=\"caption-attachment-21554\" class=\"wp-caption-text\">C4 Original &#8211; Pre-entreno <a href=\"http:\/\/cellucor.com\" target=\"_blank\" rel=\"noopener\">Cellucor<\/a><\/p><\/div>\n<p>Visitar <a href=\"http:\/\/perfectmass.net\/latam\/\">Perfectmass.net<\/a><\/p>\n","protected":false},"excerpt":{"rendered":"<p>Quemador de grasa<\/p>\n","protected":false},"featured_media":22884,"comment_status":"open","ping_status":"closed","template":"","meta":[],"etheme_brands":[{"term_id":2529,"name":"Cellucor","slug":"cellucor","term_group":0,"term_taxonomy_id":2529,"taxonomy":"brand","description":"<strong data-start=\"235\" data-end=\"260\">Cellucor:<\/strong> es una marca reconocida por su compromiso con la calidad, la innovaci\u00f3n y el rendimiento dentro del mundo de la nutrici\u00f3n deportiva. Sus productos est\u00e1n desarrollados para ayudar a deportistas y personas activas a mejorar su recuperaci\u00f3n, aumentar su energ\u00eda y alcanzar sus objetivos de forma segura y efectiva. En PerfectMassNutrition\u00ae seleccionamos lo mejor de Cellucor para ofrecerte suplementos confiables, con excelentes ingredientes y resultados comprobados, disponibles para toda Colombia y Latinoam\u00e9rica.","parent":0,"count":8,"filter":"raw"}],"product_brand":[2670],"product_cat":[3717],"product_tag":[1626],"class_list":{"0":"post-22882","1":"product","2":"type-product","3":"status-publish","4":"has-post-thumbnail","6":"brand-cellucor","7":"product_brand-cellucor","8":"product_cat-pre","9":"product_tag-perder-peso","11":"first","12":"instock","13":"sale","14":"taxable","15":"shipping-taxable","16":"purchasable","17":"product-type-variable"},"_links":{"self":[{"href":"https:\/\/perfectmass.net\/latam\/wp-json\/wp\/v2\/product\/22882","targetHints":{"allow":["GET"]}}],"collection":[{"href":"https:\/\/perfectmass.net\/latam\/wp-json\/wp\/v2\/product"}],"about":[{"href":"https:\/\/perfectmass.net\/latam\/wp-json\/wp\/v2\/types\/product"}],"replies":[{"embeddable":true,"href":"https:\/\/perfectmass.net\/latam\/wp-json\/wp\/v2\/comments?post=22882"}],"version-history":[{"count":1,"href":"https:\/\/perfectmass.net\/latam\/wp-json\/wp\/v2\/product\/22882\/revisions"}],"predecessor-version":[{"id":28125,"href":"https:\/\/perfectmass.net\/latam\/wp-json\/wp\/v2\/product\/22882\/revisions\/28125"}],"wp:featuredmedia":[{"embeddable":true,"href":"https:\/\/perfectmass.net\/latam\/wp-json\/wp\/v2\/media\/22884"}],"wp:attachment":[{"href":"https:\/\/perfectmass.net\/latam\/wp-json\/wp\/v2\/media?parent=22882"}],"wp:term":[{"taxonomy":"brand","embeddable":true,"href":"https:\/\/perfectmass.net\/latam\/wp-json\/wp\/v2\/etheme_brands?post=22882"},{"taxonomy":"product_brand","embeddable":true,"href":"https:\/\/perfectmass.net\/latam\/wp-json\/wp\/v2\/product_brand?post=22882"},{"taxonomy":"product_cat","embeddable":true,"href":"https:\/\/perfectmass.net\/latam\/wp-json\/wp\/v2\/product_cat?post=22882"},{"taxonomy":"product_tag","embeddable":true,"href":"https:\/\/perfectmass.net\/latam\/wp-json\/wp\/v2\/product_tag?post=22882"}],"curies":[{"name":"wp","href":"https:\/\/api.w.org\/{rel}","templated":true}]}}