{"id":22709,"date":"2026-04-22T05:45:27","date_gmt":"2026-04-22T10:45:27","guid":{"rendered":"https:\/\/perfectmass.net\/uncategorized\/psychotic-xtreme-pre-entreno-insane-labz\/"},"modified":"2026-04-24T14:09:59","modified_gmt":"2026-04-24T19:09:59","slug":"psychotic-xtreme-pre-entreno-insane-labz","status":"publish","type":"product","link":"https:\/\/perfectmass.net\/latam\/nutricion\/entreno\/pre\/psychotic-xtreme-pre-entreno-insane-labz\/","title":{"rendered":"Psychotic XTREME- Pre-Entreno Insane Labz"},"content":{"rendered":"<h2>Psychotic XTREME- Pre-Entreno Insane Labz<\/h2>\n<p>ENERG\u00cdA Y CONCENTRACI\u00d3N EXTREMAS. RENDIMIENTO EXTREMO. PSYCHOTIC XTREME.<\/p>\n<p>Nuestro legendario preentrenamiento original PSYCHOTIC sigue siendo tan potente como siempre, pero llevas a\u00f1os entrenando. Tu rutina, tu fuerza, tu resistencia y tu tolerancia han cambiado, \u00a1y es hora de que PSYCHOTIC cambie contigo!<\/p>\n<p>Presentamos PSYCHOTIC XTREME: nuestro preentrenamiento m\u00e1s potente de la historia, impulsado por la pura locura. Una dosis cl\u00ednica de 3200 mg de beta-alanina neutraliza el \u00e1cido l\u00e1ctico, retrasando la fatiga y proporcionando esa sensaci\u00f3n de hormigueo beta que te hace SENTIR el preentrenamiento.<\/p>\n<p>La matriz de triple cafe\u00edna de 450 mg (anhidra, citrato, Infinergy\u2122) act\u00faa r\u00e1pido, dura mucho y nunca se apaga, con el respaldo de la teobromina y AMPiberry\u00ae para mantener una energ\u00eda suave e inagotable.<\/p>\n<p>Una concentraci\u00f3n absoluta para mantenerte a la vanguardia en tu rutina de entrenamiento proviene de m\u00e1s de 1000 mg de L-tirosina, alfa GPC, DMAE, CognatiQ\u2122 y huperzina A, que impulsan tu concentraci\u00f3n y motivaci\u00f3n m\u00e1s all\u00e1 de sus l\u00edmites anteriores. Cada levantamiento se siente intencional. Cada serie se siente inevitable. La huperzina A fija esa concentraci\u00f3n, manteniendo tu mente activa mucho despu\u00e9s de que termine la sesi\u00f3n.<\/p>\n<p>Luego llega la locura: clorhidrato de yohimbina y alfa yohimbina: una tormenta de energ\u00eda termog\u00e9nica que golpea con precisi\u00f3n, eliminando la indecisi\u00f3n y desatando una agresividad pura. BioPerine\u2122 lo amplifica todo, haciendo que cada miligramo act\u00fae con m\u00e1s fuerza y \u200b\u200brapidez. Esto no es un &#8220;pre-entrenamiento&#8221;. Es un ritual. Un ajuste de cuentas. Una advertencia para cualquiera que a\u00fan entrene con cordura.<\/p>\n<p>PSYCHOTIC XTREME: DONDE LA ENERG\u00cdA EXTREMA SE ENCUENTRA CON LA MALDAD.<\/p>\n<p>Paloma: Un cl\u00e1sico sabor a c\u00f3ctel mexicano, con un toque de pomelo y c\u00edtricos.<br \/>\nSi te gusta: el pomelo, los refrescos c\u00edtricos o bebidas como Fresca o Squirt<br \/>\nEstilo: refrescante, sofisticado, no demasiado dulce<\/p>\n<p>Agua Fresca: Imagina fruta fresca + agua + un toque de dulzura, sin ser pesada ni almibarada.<\/p>\n<p>Si te gustan: los sabores frutales, f\u00e1ciles de beber y que no te empalan<br \/>\nComparativa m\u00e1s cercana: agua con infusi\u00f3n de fruta, pero con mucho sabor<\/p>\n<p>Tamarindo: Este es atrevido y \u00fanico: dulce + \u00e1cido + ligeramente terroso.<\/p>\n<p>Si te gustan: los caramelos \u00e1cidos, las salsas agridulces o los sabores complejos<br \/>\nComparativa m\u00e1s cercana: una mezcla entre az\u00facar moreno, c\u00edtricos y cereza \u00e1cida<\/p>\n<div id=\"attachment_22328\" style=\"width: 310px\" class=\"wp-caption alignnone\"><img fetchpriority=\"high\" decoding=\"async\" aria-describedby=\"caption-attachment-22328\" class=\"size-medium wp-image-22328\" src=\"https:\/\/perfectmass.net\/wp-content\/uploads\/2026\/04\/Psychotic-Xtreme-Agua-Fresca-Front-300x300.webp\" alt=\"Psychotic XTREME- Pre-Entreno Insane LabZ\" width=\"300\" height=\"300\" title=\"\" srcset=\"https:\/\/perfectmass.net\/wp-content\/uploads\/2026\/04\/Psychotic-Xtreme-Agua-Fresca-Front-300x300.webp 300w, https:\/\/perfectmass.net\/wp-content\/uploads\/2026\/04\/Psychotic-Xtreme-Agua-Fresca-Front-150x150.webp 150w, https:\/\/perfectmass.net\/wp-content\/uploads\/2026\/04\/Psychotic-Xtreme-Agua-Fresca-Front-445x445.webp 445w, https:\/\/perfectmass.net\/wp-content\/uploads\/2026\/04\/Psychotic-Xtreme-Agua-Fresca-Front-100x100.webp 100w, https:\/\/perfectmass.net\/wp-content\/uploads\/2026\/04\/Psychotic-Xtreme-Agua-Fresca-Front-1x1.webp 1w, https:\/\/perfectmass.net\/wp-content\/uploads\/2026\/04\/Psychotic-Xtreme-Agua-Fresca-Front-10x10.webp 10w, https:\/\/perfectmass.net\/wp-content\/uploads\/2026\/04\/Psychotic-Xtreme-Agua-Fresca-Front.webp 600w\" sizes=\"(max-width: 300px) 100vw, 300px\" \/><p id=\"caption-attachment-22328\" class=\"wp-caption-text\">Psychotic XTREME- Pre-Entreno <a href=\"https:\/\/insanelabz.com\/\" target=\"_blank\" rel=\"noopener\">Insane Labz<\/a><\/p><\/div>\n<p>Visitar <a href=\"http:\/\/PerfectMass.net\" target=\"_blank\" rel=\"noopener\">PerfectMass.net<\/a><\/p>\n","protected":false},"excerpt":{"rendered":"<p>El verdadero Pre-entreno<\/p>\n","protected":false},"featured_media":22710,"comment_status":"open","ping_status":"closed","template":"","meta":[],"etheme_brands":[{"term_id":2577,"name":"Insane Labz","slug":"insane-labz","term_group":0,"term_taxonomy_id":2577,"taxonomy":"brand","description":"<strong data-start=\"235\" data-end=\"260\">Insane Labz:<\/strong> es una marca reconocida por su compromiso con la calidad, la innovaci\u00f3n y el rendimiento dentro del mundo de la nutrici\u00f3n deportiva. Sus productos est\u00e1n desarrollados para ayudar a deportistas y personas activas a mejorar su recuperaci\u00f3n, aumentar su energ\u00eda y alcanzar sus objetivos de forma segura y efectiva. En PerfectMassNutrition\u00ae seleccionamos lo mejor de Insane Labz para ofrecerte suplementos confiables, con excelentes ingredientes y resultados comprobados, disponibles para toda Colombia y Latinoam\u00e9rica.","parent":0,"count":32,"filter":"raw"}],"product_brand":[2761],"product_cat":[1594,1595,1596,1597,1598],"product_tag":[1599],"class_list":{"0":"post-22709","1":"product","2":"type-product","3":"status-publish","4":"has-post-thumbnail","6":"brand-insane-labz","7":"product_brand-insane-labz","8":"product_cat-mas-vendidos","9":"product_cat-novedades","10":"product_cat-ofertas","11":"product_cat-pre","12":"product_cat-entreno","13":"product_tag-pre-entreno","15":"first","16":"instock","17":"sale","18":"taxable","19":"shipping-taxable","20":"purchasable","21":"product-type-variable","22":"has-default-attributes"},"_links":{"self":[{"href":"https:\/\/perfectmass.net\/latam\/wp-json\/wp\/v2\/product\/22709","targetHints":{"allow":["GET"]}}],"collection":[{"href":"https:\/\/perfectmass.net\/latam\/wp-json\/wp\/v2\/product"}],"about":[{"href":"https:\/\/perfectmass.net\/latam\/wp-json\/wp\/v2\/types\/product"}],"replies":[{"embeddable":true,"href":"https:\/\/perfectmass.net\/latam\/wp-json\/wp\/v2\/comments?post=22709"}],"version-history":[{"count":1,"href":"https:\/\/perfectmass.net\/latam\/wp-json\/wp\/v2\/product\/22709\/revisions"}],"predecessor-version":[{"id":28027,"href":"https:\/\/perfectmass.net\/latam\/wp-json\/wp\/v2\/product\/22709\/revisions\/28027"}],"wp:featuredmedia":[{"embeddable":true,"href":"https:\/\/perfectmass.net\/latam\/wp-json\/wp\/v2\/media\/22710"}],"wp:attachment":[{"href":"https:\/\/perfectmass.net\/latam\/wp-json\/wp\/v2\/media?parent=22709"}],"wp:term":[{"taxonomy":"brand","embeddable":true,"href":"https:\/\/perfectmass.net\/latam\/wp-json\/wp\/v2\/etheme_brands?post=22709"},{"taxonomy":"product_brand","embeddable":true,"href":"https:\/\/perfectmass.net\/latam\/wp-json\/wp\/v2\/product_brand?post=22709"},{"taxonomy":"product_cat","embeddable":true,"href":"https:\/\/perfectmass.net\/latam\/wp-json\/wp\/v2\/product_cat?post=22709"},{"taxonomy":"product_tag","embeddable":true,"href":"https:\/\/perfectmass.net\/latam\/wp-json\/wp\/v2\/product_tag?post=22709"}],"curies":[{"name":"wp","href":"https:\/\/api.w.org\/{rel}","templated":true}]}}